{"id":1814,"date":"2023-02-10T09:19:31","date_gmt":"2023-02-10T08:19:31","guid":{"rendered":"https:\/\/www.skpzilina.sk\/?page_id=1814"},"modified":"2023-11-25T21:31:03","modified_gmt":"2023-11-25T20:31:03","slug":"2023-zmluvy-a-dokumenty","status":"publish","type":"page","link":"https:\/\/www.skpzilina.sk\/?page_id=1814","title":{"rendered":"2023 Zmluvy a dokumenty"},"content":{"rendered":"\n<div data-wp-interactive=\"core\/file\" class=\"wp-block-file\"><object data-wp-bind--hidden=\"!state.hasPdfPreview\"  class=\"wp-block-file__embed\" data=\"https:\/\/www.skpzilina.sk\/wp-content\/uploads\/2023\/08\/2023-Zmluva-o-spolupraci-SAZ-a-Lenka-Kotianova-1-1.pdf\" type=\"application\/pdf\" style=\"width:100%;height:600px\" aria-label=\"Vlo\u017ei\u0165 Vlo\u017ei\u0165 2023 Zmluva o spolupr\u00e1ci SAZ a Lenka Kotianov\u00e1..\"><\/object><a id=\"wp-block-file--media-e4b8f6eb-1b73-4d14-ba25-6df5dcd68f05\" href=\"https:\/\/www.skpzilina.sk\/wp-content\/uploads\/2023\/08\/2023-Zmluva-o-spolupraci-SAZ-a-Lenka-Kotianova-1-1.pdf\">2023 Zmluva o spolupr\u00e1ci SAZ a Lenka Kotianov\u00e1<\/a><a href=\"https:\/\/www.skpzilina.sk\/wp-content\/uploads\/2023\/08\/2023-Zmluva-o-spolupraci-SAZ-a-Lenka-Kotianova-1-1.pdf\" class=\"wp-block-file__button\" download aria-describedby=\"wp-block-file--media-e4b8f6eb-1b73-4d14-ba25-6df5dcd68f05\">Stiahnu\u0165<\/a><\/div>\n\n\n\n<div data-wp-interactive=\"core\/file\" class=\"wp-block-file\"><object data-wp-bind--hidden=\"!state.hasPdfPreview\"  class=\"wp-block-file__embed\" data=\"https:\/\/www.skpzilina.sk\/wp-content\/uploads\/2023\/08\/Zmluva-SZB-2023.pdf\" type=\"application\/pdf\" style=\"width:100%;height:600px\" aria-label=\"Vlo\u017ei\u0165 Vlo\u017ei\u0165 Zmluva SZB 2023..\"><\/object><a id=\"wp-block-file--media-d97b26ce-218b-4aec-9721-51ed569b3a7d\" href=\"https:\/\/www.skpzilina.sk\/wp-content\/uploads\/2023\/08\/Zmluva-SZB-2023.pdf\">Zmluva SZB 2023<\/a><a href=\"https:\/\/www.skpzilina.sk\/wp-content\/uploads\/2023\/08\/Zmluva-SZB-2023.pdf\" class=\"wp-block-file__button\" download aria-describedby=\"wp-block-file--media-d97b26ce-218b-4aec-9721-51ed569b3a7d\">Stiahnu\u0165<\/a><\/div>\n\n\n\n<div data-wp-interactive=\"core\/file\" class=\"wp-block-file\"><object data-wp-bind--hidden=\"!state.hasPdfPreview\"  class=\"wp-block-file__embed\" data=\"https:\/\/www.skpzilina.sk\/wp-content\/uploads\/2023\/08\/Zmluva-MVSR-SCP-55-04-2023.pdf\" type=\"application\/pdf\" style=\"width:100%;height:600px\" aria-label=\"Vlo\u017ei\u0165 Vlo\u017ei\u0165 Zmluva MVSR \u0160CP 55-04 2023..\"><\/object><a id=\"wp-block-file--media-9272e905-e394-415b-b36d-60e92b3e61a1\" href=\"https:\/\/www.skpzilina.sk\/wp-content\/uploads\/2023\/08\/Zmluva-MVSR-SCP-55-04-2023.pdf\">Zmluva MVSR \u0160CP 55-04 2023<\/a><a href=\"https:\/\/www.skpzilina.sk\/wp-content\/uploads\/2023\/08\/Zmluva-MVSR-SCP-55-04-2023.pdf\" class=\"wp-block-file__button\" download aria-describedby=\"wp-block-file--media-9272e905-e394-415b-b36d-60e92b3e61a1\">Stiahnu\u0165<\/a><\/div>\n\n\n\n<div data-wp-interactive=\"core\/file\" class=\"wp-block-file\"><object data-wp-bind--hidden=\"!state.hasPdfPreview\"  class=\"wp-block-file__embed\" data=\"https:\/\/www.skpzilina.sk\/wp-content\/uploads\/2023\/08\/Zmluva-SAZ-pre-sport-mladeze.pdf\" type=\"application\/pdf\" style=\"width:100%;height:600px\" aria-label=\"Vlo\u017ei\u0165 Vlo\u017ei\u0165 Zmluva SAZ pre \u0161port ml\u00e1de\u017ee..\"><\/object><a id=\"wp-block-file--media-ff182b21-0873-4207-bfca-5244a7918dff\" href=\"https:\/\/www.skpzilina.sk\/wp-content\/uploads\/2023\/08\/Zmluva-SAZ-pre-sport-mladeze.pdf\">Zmluva SAZ pre \u0161port ml\u00e1de\u017ee<\/a><a href=\"https:\/\/www.skpzilina.sk\/wp-content\/uploads\/2023\/08\/Zmluva-SAZ-pre-sport-mladeze.pdf\" class=\"wp-block-file__button\" download aria-describedby=\"wp-block-file--media-ff182b21-0873-4207-bfca-5244a7918dff\">Stiahnu\u0165<\/a><\/div>\n\n\n\n<div data-wp-interactive=\"core\/file\" class=\"wp-block-file\"><object data-wp-bind--hidden=\"!state.hasPdfPreview\"  class=\"wp-block-file__embed\" data=\"https:\/\/www.skpzilina.sk\/wp-content\/uploads\/2023\/10\/2023-Zmluva-Mesto-Zilina-a-Damian-Cesnek-c.-857-.pdf\" type=\"application\/pdf\" style=\"width:100%;height:600px\" aria-label=\"Vlo\u017ei\u0165 Vlo\u017ei\u0165 2023 Zmluva Mesto \u017dilina a Damian Cesnek \u010d. 857..\"><\/object><a id=\"wp-block-file--media-e9f31673-c83b-4bfc-9a5d-192af2a02d84\" href=\"https:\/\/www.skpzilina.sk\/wp-content\/uploads\/2023\/10\/2023-Zmluva-Mesto-Zilina-a-Damian-Cesnek-c.-857-.pdf\">2023 Zmluva Mesto \u017dilina a Damian Cesnek \u010d. 857<\/a><a href=\"https:\/\/www.skpzilina.sk\/wp-content\/uploads\/2023\/10\/2023-Zmluva-Mesto-Zilina-a-Damian-Cesnek-c.-857-.pdf\" class=\"wp-block-file__button\" download aria-describedby=\"wp-block-file--media-e9f31673-c83b-4bfc-9a5d-192af2a02d84\"><\/a><\/div>\n\n\n\n<div data-wp-interactive=\"core\/file\" class=\"wp-block-file\"><object data-wp-bind--hidden=\"!state.hasPdfPreview\"  class=\"wp-block-file__embed\" data=\"https:\/\/www.skpzilina.sk\/wp-content\/uploads\/2023\/11\/Zmluva-GoodRequest-2023.pdf\" type=\"application\/pdf\" style=\"width:100%;height:600px\" aria-label=\"Vlo\u017ei\u0165 Vlo\u017ei\u0165 Zmluva GoodRequest 2023..\"><\/object><a id=\"wp-block-file--media-4dcafa83-9dd8-4977-b4b5-84c4197a194e\" href=\"https:\/\/www.skpzilina.sk\/wp-content\/uploads\/2023\/11\/Zmluva-GoodRequest-2023.pdf\">Zmluva GoodRequest 2023<\/a><a href=\"https:\/\/www.skpzilina.sk\/wp-content\/uploads\/2023\/11\/Zmluva-GoodRequest-2023.pdf\" class=\"wp-block-file__button\" download aria-describedby=\"wp-block-file--media-4dcafa83-9dd8-4977-b4b5-84c4197a194e\"><\/a><\/div>\n\n\n\n<div data-wp-interactive=\"core\/file\" class=\"wp-block-file\"><object data-wp-bind--hidden=\"!state.hasPdfPreview\"  class=\"wp-block-file__embed\" data=\"https:\/\/www.skpzilina.sk\/wp-content\/uploads\/2023\/11\/Zmluva-SAZ-o-zabezpeceni-aktivnych-sportovcov-do-23-rokov-1.pdf\" type=\"application\/pdf\" style=\"width:100%;height:600px\" aria-label=\"Vlo\u017ei\u0165 Vlo\u017ei\u0165 Zmluva-SAZ-o-zabezpeceni-aktivnych-sportovcov-do-23-rokov-1..\"><\/object><a id=\"wp-block-file--media-9e0dada3-6e57-4cef-9399-fc7c45c9f330\" href=\"https:\/\/www.skpzilina.sk\/wp-content\/uploads\/2023\/11\/Zmluva-SAZ-o-zabezpeceni-aktivnych-sportovcov-do-23-rokov-1.pdf\">Zmluva-SAZ-o-zabezpeceni-aktivnych-sportovcov-do-23-rokov-1<\/a><a href=\"https:\/\/www.skpzilina.sk\/wp-content\/uploads\/2023\/11\/Zmluva-SAZ-o-zabezpeceni-aktivnych-sportovcov-do-23-rokov-1.pdf\" class=\"wp-block-file__button\" download aria-describedby=\"wp-block-file--media-9e0dada3-6e57-4cef-9399-fc7c45c9f330\"><\/a><\/div>\n\n\n\n<div data-wp-interactive=\"core\/file\" class=\"wp-block-file\"><object data-wp-bind--hidden=\"!state.hasPdfPreview\"  class=\"wp-block-file__embed\" data=\"https:\/\/www.skpzilina.sk\/wp-content\/uploads\/2023\/11\/Zmluva-SAZ-zabezpecenie-sportovcov-pre-TIPOS-atlet.-ligu.pdf\" type=\"application\/pdf\" style=\"width:100%;height:600px\" aria-label=\"Vlo\u017ei\u0165 Vlo\u017ei\u0165 Zmluva SAZ-zabezpe\u010denie \u0161portovcov pre TIPOS atlet. ligu..\"><\/object><a id=\"wp-block-file--media-ca19ae45-6aac-44ff-bbef-d972d82285e3\" href=\"https:\/\/www.skpzilina.sk\/wp-content\/uploads\/2023\/11\/Zmluva-SAZ-zabezpecenie-sportovcov-pre-TIPOS-atlet.-ligu.pdf\">Zmluva SAZ-zabezpe\u010denie \u0161portovcov pre TIPOS atlet. ligu<\/a><a href=\"https:\/\/www.skpzilina.sk\/wp-content\/uploads\/2023\/11\/Zmluva-SAZ-zabezpecenie-sportovcov-pre-TIPOS-atlet.-ligu.pdf\" class=\"wp-block-file__button\" download aria-describedby=\"wp-block-file--media-ca19ae45-6aac-44ff-bbef-d972d82285e3\">Stiahnu\u0165<\/a><\/div>\n","protected":false},"excerpt":{"rendered":"","protected":false},"author":2,"featured_media":0,"parent":0,"menu_order":0,"comment_status":"closed","ping_status":"closed","template":"","meta":{"footnotes":""},"class_list":["post-1814","page","type-page","status-publish","hentry"],"_links":{"self":[{"href":"https:\/\/www.skpzilina.sk\/index.php?rest_route=\/wp\/v2\/pages\/1814"}],"collection":[{"href":"https:\/\/www.skpzilina.sk\/index.php?rest_route=\/wp\/v2\/pages"}],"about":[{"href":"https:\/\/www.skpzilina.sk\/index.php?rest_route=\/wp\/v2\/types\/page"}],"author":[{"embeddable":true,"href":"https:\/\/www.skpzilina.sk\/index.php?rest_route=\/wp\/v2\/users\/2"}],"replies":[{"embeddable":true,"href":"https:\/\/www.skpzilina.sk\/index.php?rest_route=%2Fwp%2Fv2%2Fcomments&post=1814"}],"version-history":[{"count":9,"href":"https:\/\/www.skpzilina.sk\/index.php?rest_route=\/wp\/v2\/pages\/1814\/revisions"}],"predecessor-version":[{"id":1880,"href":"https:\/\/www.skpzilina.sk\/index.php?rest_route=\/wp\/v2\/pages\/1814\/revisions\/1880"}],"wp:attachment":[{"href":"https:\/\/www.skpzilina.sk\/index.php?rest_route=%2Fwp%2Fv2%2Fmedia&parent=1814"}],"curies":[{"name":"wp","href":"https:\/\/api.w.org\/{rel}","templated":true}]}}