{"id":1421,"date":"2019-05-01T16:11:05","date_gmt":"2019-05-01T14:11:05","guid":{"rendered":"https:\/\/www.skpzilina.sk\/?page_id=1421"},"modified":"2025-02-17T19:21:07","modified_gmt":"2025-02-17T18:21:07","slug":"cerpanie-financnych-prostriedkov-2020","status":"publish","type":"page","link":"https:\/\/www.skpzilina.sk\/?page_id=1421","title":{"rendered":"2024 \u010cerpanie dot\u00e1ci\u00ed a finan\u010dn\u00fdch prostriedkov"},"content":{"rendered":"\n<p>Kli0knut\u00edm na odkazy podstr\u00e1nok za roky 2016 a\u017e 2023 sa dostanete k PDF dokumentom o \u010derpan\u00ed finan\u010dn\u00fdch prostr\u00ededkov \u0160portov\u00e9ho klubu pol\u00edcie \u017dilina. <\/p>\n\n\n\n<div data-wp-interactive=\"core\/file\" class=\"wp-block-file\"><object data-wp-bind--hidden=\"!state.hasPdfPreview\"  class=\"wp-block-file__embed\" data=\"https:\/\/www.skpzilina.sk\/wp-content\/uploads\/2025\/02\/Cerpanie-financii-2024.pdf\" type=\"application\/pdf\" style=\"width:100%;height:600px\" aria-label=\"Vlo\u017ei\u0165 Cerpanie financi\u00ed 2024.\"><\/object><a id=\"wp-block-file--media-ce1ee862-df69-40e1-8aef-c5bf72390665\" href=\"https:\/\/www.skpzilina.sk\/wp-content\/uploads\/2025\/02\/Cerpanie-financii-2024.pdf\">Cerpanie financi\u00ed 2024<\/a><a href=\"https:\/\/www.skpzilina.sk\/wp-content\/uploads\/2025\/02\/Cerpanie-financii-2024.pdf\" class=\"wp-block-file__button wp-element-button\" download aria-describedby=\"wp-block-file--media-ce1ee862-df69-40e1-8aef-c5bf72390665\">Stiahnu\u0165<\/a><\/div>\n\n\n\n<div data-wp-interactive=\"core\/file\" class=\"wp-block-file\"><object data-wp-bind--hidden=\"!state.hasPdfPreview\"  class=\"wp-block-file__embed\" data=\"https:\/\/www.skpzilina.sk\/wp-content\/uploads\/2025\/01\/Vyuctovanie-dotacie-Unitop-178-001-2024.pdf\" type=\"application\/pdf\" style=\"width:100%;height:600px\" aria-label=\"Vlo\u017ei\u0165 Vyuctovanie dotacie Unitop 178-001 2024.\"><\/object><a id=\"wp-block-file--media-21db0390-9c6f-48b3-a02d-a7c73aa04fe2\" href=\"https:\/\/www.skpzilina.sk\/wp-content\/uploads\/2025\/01\/Vyuctovanie-dotacie-Unitop-178-001-2024.pdf\">Vyuctovanie dotacie Unitop 178-001 2024<\/a><a href=\"https:\/\/www.skpzilina.sk\/wp-content\/uploads\/2025\/01\/Vyuctovanie-dotacie-Unitop-178-001-2024.pdf\" class=\"wp-block-file__button wp-element-button\" download aria-describedby=\"wp-block-file--media-21db0390-9c6f-48b3-a02d-a7c73aa04fe2\">Stiahnu\u0165<\/a><\/div>\n\n\n\n<p><\/p>\n","protected":false},"excerpt":{"rendered":"<p>Kli0knut\u00edm na odkazy podstr\u00e1nok za roky 2016 a\u017e 2023 sa dostanete k PDF dokumentom o \u010derpan\u00ed finan\u010dn\u00fdch prostr\u00ededkov \u0160portov\u00e9ho klubu pol\u00edcie \u017dilina.<\/p>\n","protected":false},"author":2,"featured_media":0,"parent":0,"menu_order":0,"comment_status":"closed","ping_status":"closed","template":"","meta":{"footnotes":""},"class_list":["post-1421","page","type-page","status-publish","hentry"],"_links":{"self":[{"href":"https:\/\/www.skpzilina.sk\/index.php?rest_route=\/wp\/v2\/pages\/1421"}],"collection":[{"href":"https:\/\/www.skpzilina.sk\/index.php?rest_route=\/wp\/v2\/pages"}],"about":[{"href":"https:\/\/www.skpzilina.sk\/index.php?rest_route=\/wp\/v2\/types\/page"}],"author":[{"embeddable":true,"href":"https:\/\/www.skpzilina.sk\/index.php?rest_route=\/wp\/v2\/users\/2"}],"replies":[{"embeddable":true,"href":"https:\/\/www.skpzilina.sk\/index.php?rest_route=%2Fwp%2Fv2%2Fcomments&post=1421"}],"version-history":[{"count":18,"href":"https:\/\/www.skpzilina.sk\/index.php?rest_route=\/wp\/v2\/pages\/1421\/revisions"}],"predecessor-version":[{"id":2009,"href":"https:\/\/www.skpzilina.sk\/index.php?rest_route=\/wp\/v2\/pages\/1421\/revisions\/2009"}],"wp:attachment":[{"href":"https:\/\/www.skpzilina.sk\/index.php?rest_route=%2Fwp%2Fv2%2Fmedia&parent=1421"}],"curies":[{"name":"wp","href":"https:\/\/api.w.org\/{rel}","templated":true}]}}